 -5*h + 4*n - 2 + 34 = 0, 2*h + 2*n = 2. Suppose -h*v = -0*v. Suppose v = 6*k - 2*k - 16. List the prime factors of k.
2
Let g(k) = k**2 - 2*k + 26. Let b(m) = m**3 - 4*m**2. Let z be b(4). List the prime factors of g(z).
2, 13
Let m = 1046 - 49. List the prime factors of m.
997
Suppose -2*q + 100 = -0*q. Let a be 15/(-9) - 1/3. What are the prime factors of a + (3 + q)*1?
3, 17
Let q(r) = -r**2 + 27*r - 60. Let v be q(24). Let f = 107 + v. What are the prime factors of f?
7, 17
Suppose -3 = 12*d - 3. Let t(s) = -s**3 + s**2 - 3*s + 58. What are the prime factors of t(d)?
2, 29
Let h be (0 - 3)*(-6)/9. Suppose -5*y - 22 - 18 = 0. List the prime factors of 4/(h*(-1)/y).
2
Let m = 854 - -1187. List the prime factors of m.
13, 157
Let n(g) = -g**3 + 2*g**2 - g - 41. Let j be n(0). Let t = 210 + -140. Let u = j + t. List the prime factors of u.
29
Suppose 3 = 4*s - 9. Let a = s + 1. Suppose 66 = 5*t - 0*t - z, 0 = a*t + 2*z - 64. List the prime factors of t.
2, 7
Let v(o) = 8*o - 2. Let q be 0/(5/((-10)/4)). Suppose -4*s = -2*s - 8, q = -4*m - 3*s + 36. What are the prime factors of v(m)?
2, 23
Let m(k) = k**3 + 5*k**2 - 3*k + 8. Let f be m(-6). Let c = 43 - f. What are the prime factors of c?
53
Let t(y) = -3*y**2 - 24*y + 67. Let a(h) = 2*h**2 + 16*h - 45. Let w(l) = -7*a(l) - 5*t(l). List the prime factors of w(-12).
2, 7
What are the prime factors of (2 - 3)*1 - -67*5?
2, 167
Suppose 12*z - 17*z - 6137 = -4*o, -5*o = 4*z - 7620. List the prime factors of o.
2, 191
Let x be -22 - -3*(-2)/(-2). Let a = 8 - x. What are the prime factors of a?
3
Suppose -3*r - 8*r = -16973. What are the prime factors of r?
1543
Let o(q) = 26*q**2 - 7*q - 27. List the prime factors of o(-5).
2, 7, 47
Let x = 76 - 111. Suppose -3*a + 14 = s, 18 - 2 = 2*s + 3*a. What are the prime factors of (-581)/x - s/(-5)?
17
Let k be 2 - (-8)/20*-5. Suppose a - 2*c - 182 = k, 0 = -4*a + 4*c + 34 + 706. List the prime factors of a.
2, 47
Let g = -2042 - -3551. What are the prime factors of g?
3, 503
Let b be -4 + 5 + -4 + 0. Let a be (-2)/b*(12 + 0). Suppose a*z = 10*z - 64. What are the prime factors of z?
2
List the prime factors of 6/7 - (12 + 820/(-7)).
2, 53
Let v = 282 - -273. List the prime factors of v.
3, 5, 37
Suppose 9*z - 28 = 35. Let i = -6 - -27. Suppose 6*y + i = z*y. List the prime factors of y.
3, 7
Let b(i) = i**3 + 14*i**2 - 16*i - 4. Let l(k) = -1. Let v(p) = b(p) - 4*l(p). List the prime factors of v(-15).
3, 5
Let c(p) = -1 - p**3 + 3*p + 6*p - 12*p + 4*p + 9*p**2. What are the prime factors of c(9)?
2
Suppose -c + 5*x - 52 = 0, 0 = 2*c - 4*x + 106 + 10. Let k = c + 44. Let m = -15 - k. What are the prime factors of m?
3
Let p(w) be the third derivative of 0*w + 1/12*w**4 - w**2 + 1/2*w**3 + 1/30*w**5 + 0. What are the prime factors of p(3)?
3
Suppose -3*d + 48 = -3*t, 3*d - 12 = t - 2. List the prime factors of ((-133)/t)/(0 + (-1)/(-17)).
7, 17
Let h(b) = b**2 - 10*b + 2. Let c be h(10). List the prime factors of (-30)/(-20)*(94 - c).
2, 3, 23
Let n(z) be the second derivative of -13*z**3/3 - 3*z**2/2 + 3*z. List the prime factors of n(-2).
7
Suppose x - 1 - 3 = 0. Suppose 0 = -i - 3*b + 14, 2*b = x*i + b - 4. Suppose 0*t + 5*t = -l + 47, i*l = 2*t - 14. What are the prime factors of t?
3
Let j(v) = v + 24. List the prime factors of j(-1).
23
Suppose -4*s - 153 = 5*s. Let u(j) = -j**3 - 17*j**2 - 5*j - 25. List the prime factors of u(s).
2, 3, 5
Let s(a) = a**3 - 4*a**2 + 4*a - 3. Let c be s(3). Suppose c = -3*v - 2*g + 25, 26 = 2*v + 2*v - g. Suppose v*z = 100 + 124. List the prime factors of z.
2
List the prime factors of 2 - ((-51)/136 - 30234/16).
2, 11, 43
Let x(f) be the first derivative of -f**4/4 - 7*f**3 - 29*f**2/2 - 6*f - 4. List the prime factors of x(-20).
2, 3, 29
Suppose -15 = -2*x - 5. List the prime factors of 1/x + 489/5.
2, 7
Suppose 120 = 19*o - 5371. List the prime factors of o.
17
Let h(y) = -y**3 + y**2 - 2*y. Let j(k) = -4*k**3 + 3*k**2 - 8*k - 1. Let n(w) = -9*h(w) + 2*j(w). What are the prime factors of n(5)?
2, 29
Suppose -11*s + 6 = -27. Let b(o) = -o**3 + 5*o**2 + 2*o - 7. Let w be b(5). Suppose -f + 32 = 2*l + w*f, s*l - 57 = 3*f. What are the prime factors of l?
2, 3
Suppose z = -66*z + 92259. List the prime factors of z.
3, 17
Let t = 219 + -108. What are the prime factors of t/2*22/33?
37
Suppose 0 = -5*u + 2*x + x + 27, -35 = -5*u + 5*x. Suppose -u*q + q = 4. What are the prime factors of ((-3)/2 + -2)*q?
7
Let u(r) be the first derivative of -r**4/4 - r**3/3 + r**2 + 86*r + 4. What are the prime factors of u(0)?
2, 43
Suppose -5*d + 4*u = -102, -3*u - 9 = -0*u. Let l = d - 36. Let z = -11 - l. List the prime factors of z.
7
Suppose 4*r - 1270 = 3*a - 2*a, 0 = -2*r - 3*a + 628. Let m = r - 202. List the prime factors of m.
5, 23
Let x = 21 + -14. Let o be 9 + 1 - (x + -3). List the prime factors of o + (4 - 6) + 27.
31
Let m(p) = -p**2 + 15*p + 4. Suppose 6*k = 66 + 24. Let u be m(k). Suppose u*d = -31 + 199. What are the prime factors of d?
2, 3, 7
Let i = 291 + -103. Let h(x) = -x**2 + 6*x - 2. Let u be h(4). Suppose -u*w = -2*w - i. List the prime factors of w.
47
Let d(n) = -n**2 - 12*n + 6. Let f be d(-11). Suppose 7*r - f = 5*r - 3*u, 2*u = -2. Suppose r = j - 19. What are the prime factors of j?
29
Let k(z) = -2*z**2 - 144*z + 214. What are the prime factors of k(-50)?
2, 17, 71
Let h(v) = v**3 - 3*v**2 + 3*v - 3. Let w be h(2). Let o(u) = 3 + u - 2 + 4*u**2 + 2*u**2. What are the prime factors of o(w)?
2, 3
Suppose 0 = -3*c - 4*b + 4003 + 2149, -5*b - 2057 = -c. What are the prime factors of c?
2, 3, 19
Suppose -10*s - 64 = -8*s. List the prime factors of ((-16)/s)/(1/274).
137
Suppose -13*f + 8*f - 1200 = 0. Let b = -52 - f. List the prime factors of b.
2, 47
Let a(b) = -3*b**3 - b**2. Let l be a(-1). Suppose 77 - 269 = -l*r. Suppose -u = -5*u + r. What are the prime factors of u?
2, 3
List the prime factors of (-8)/16*-59*4.
2, 59
Suppose i + 4 = 2*v - 0, -5*v + 4*i = -16. Let x(f) = -f**3 + f**2 + 6. Let m be x(v). Suppose 4*g + 44 = m*g. List the prime factors of g.
2, 11
Let b(h) = -h**3 - 18*h**2 - 34*h - 28. List the prime factors of b(-16).
2
What are the prime factors of (314 - 5) + (-4)/(-4 - -8)?
2, 7, 11
Let b(w) = -18*w**3 + 4*w**2 + 11*w + 16. List the prime factors of b(-2).
2, 7, 11
Suppose 10 = 8*b - 62. Suppose -o = -3*c + 481, 5*c - 3*o = b*c - 637. What are the prime factors of c?
2, 5
Let l(u) = -16*u + 2. Let j = -16 + 21. Suppose 5*a - 5*d + 5 = 0, j*a + 2*d + 4 = -1. What are the prime factors of l(a)?
2, 3
List the prime factors of (-2*1)/((-20)/3730).
373
Let g = -3987 + 6018. What are the prime factors of g?
3, 677
List the prime factors of -3 + 3 + 2241 + -9.
2, 3, 31
Suppose -5*k + 12*k + 42 = 0. Let d(g) = -g**3 - g**2 - 17*g + 4. What are the prime factors of d(k)?
2, 11, 13
Let t(m) = -2*m + 4*m**2 + 3*m**2 - 2*m**2 - 4*m**2 + 10. What are the prime factors of t(5)?
5
Let a(b) = 3*b + 40. Let h be a(-16). Let u(w) = w**2 + 6*w - 11. Let k be u(h). Suppose k*y - 7*y + 31 = 5*l, 1 = -l. List the prime factors of y.
2, 3
Suppose 2099 = 2*o + 3*u, o + 5*u + 2 = 1041. What are the prime factors of o?
2, 17, 31
Suppose -62*i - 2366 = -64*i + 3*u, -1185 = -i + u. List the prime factors of i.
29, 41
Let a(h) = -h + 725. What are the prime factors of a(0)?
5, 29
Suppose -3 = -0*k - k. Suppose 2*t = 3*t, 3*z - k*t = 474. What are the prime factors of z?
2, 79
Let j = 181 + 56. List the prime factors of j.
3, 79
Let t = -213 + 436. List the prime factors of t.
223
Let a be 0/((1 + 3)/4). Suppose a = -4*h + h - 96. Let k = h + 56. What are the prime factors of k?
2, 3
Suppose -4*h - 217 = -1489. List the prime factors of h.
2, 3, 53
Let x(s) = s**2 + 2*s - 5. Let t be x(-4). Let q be 4 + (0 - (4 - t)). Let m = q - -7. List the prime factors of m.
2, 5
Suppose 0 = 2*q + 6*l - 2*l - 608, 5*l - 611 = -2*q. What are the prime factors of q?
2, 149
Let o be ((-4)/(-8))/(5/60). Suppose -76 + 58 = -o*b. What are the prime factors of b?
3
Suppose 381 + 12423 = 33*c. What are the prime factors of c?
2, 97
Let u = 145 + 1756. List the prime factors of u.
1901
Let b = 54 - 28. Let k be b/(-2)*21/(-3). Suppose -3*d + k = -5*t, -3*t - t = -2*d + 64. List the prime factors of d.
2, 11
Suppose 4 = 4*g + 2*